 45. What is the thousands digit of z(-1)?
3
Let d(u) = 11 + 0*u - 13*u + 10. Let g be ((-4)/11)/2 + 3007/(-341). What is the hundreds digit of d(g)?
1
Suppose -4*i + 12 = -2*s, -6*i + 7*i = -2*s - 2. Suppose -63 = -i*t + 809. Suppose 16*v = 20*v - t. What is the hundreds digit of v?
1
Let l(j) = 2*j**2 + 11*j. Let c be l(-10). Suppose -c = -2*w - 3*w. Let n = 18 + w. What is the tens digit of n?
3
Suppose 3*d + 18 = 3*v, 0 = -d + 6*d - 2*v + 24. Let r be (6/9 - 1)*9. What is the units digit of (-86*r/(-15))/(d/20)?
6
Suppose 0 = -3*z + 5*g + 35662, 25*z - 3*g + 11878 = 26*z. What is the hundreds digit of z?
8
Suppose -5*d + 21 = -p, 2*d + 2 = -3*p + 6*p. Let u(f) = -f**3 + 3*f**2 + 7*f - 10. Let t be u(p). Suppose -t*i = -5*i + 72. What is the units digit of i?
4
Let i = 10976 - 7644. What is the hundreds digit of i?
3
Let y(g) = -2*g**3 - 8*g**2 - 2*g + 8. Suppose -9*v = -4 - 131. Suppose -3*i - v = -0. What is the tens digit of y(i)?
6
Suppose 2*s = -3*p + 49162, -4*s + 47 = 39. What is the units digit of p?
6
Suppose 1906 = 23*w - 21*w. Let v = w - 459. What is the tens digit of v?
9
Suppose -4*k + 4*w = -49180, -10*w + 3 = -9*w. Suppose -69*q + 56*q + k = 0. What is the units digit of q?
6
Let n(i) = 159*i**2 - 139*i + 1852. What is the hundreds digit of n(18)?
8
Suppose x + 4*n - 3*n - 44 = 0, x = 3*n + 24. Suppose -x + 103 = 2*z. Suppose -z*m - 146 = -34*m. What is the tens digit of m?
7
Suppose 8*v - 17*v = -45. What is the tens digit of (2046/30 - 5)*v?
1
Let g(v) = 13*v + 243. Let o be g(-16). Let d(j) = -j**3 + 37*j**2 - 53*j + 30. What is the hundreds digit of d(o)?
6
What is the tens digit of (-354)/59 - ((-2 + -681)*14 + -3)?
5
Let y = -26 + 29. Let n be (-8)/14 + ((-288)/(-21))/y. Suppose 8*k = -n*k + 852. What is the tens digit of k?
7
Let s = 71 - 54. Let v = s - 12. Suppose 0 = 2*x - 3*q - 63, x - v*q - 28 = -0*x. What is the units digit of x?
3
Let j be (-4)/((-144)/(-42) - 4). Suppose -j*v = -3*v - 184. What is the tens digit of v?
4
Let i(k) = 2910*k**3 + k**2 + k + 4. What is the thousands digit of i(2)?
3
Suppose -5*p - 5*a = 11770, -3*p - 2289 - 4773 = 4*a. What is the tens digit of 2/(-7 + p/(-336))?
3
Suppose 315040 = 226*q - 194*q. What is the thousands digit of q?
9
Let b = 19567 + -9560. What is the hundreds digit of b?
0
Suppose 107*m - 132*m + 203250 = 0. What is the thousands digit of m?
8
Let c(b) = b**3 - 10*b**2 + 10*b - 4. Let v be c(9). Suppose -o - 2223 = -2*y + 409, -v*y + 6566 = o. Suppose -48*h = -42*h - y. What is the tens digit of h?
1
Suppose h = -2*m + 3773 - 443, -4*m + 3*h = -6660. Suppose 2*o + 481 - m = 0. What is the hundreds digit of o?
5
Suppose -g + 13 = -4*v - 11, -5*v - 9 = 4*g. Suppose 366 = c + g*f, -1464 = -4*c - 3*f - 2*f. What is the hundreds digit of c?
3
Suppose u = -5*r + 172, -575 = -3*u - 3*r - 23. Let h = 237 + u. What is the hundreds digit of h?
4
Let o(j) = j**3 - 5*j**2 - 7*j + 11. Let z(r) = -26*r + 59. Let h be z(2). What is the tens digit of o(h)?
6
Let w be -1 - (-208 + 0/1). Suppose 49 = -i + w. Suppose -4*m + i = -2*c, 0*c = 4*m - 5*c - 143. What is the units digit of m?
2
Let d(l) = -l**2 - 10*l - 17. Let r be d(-7). Suppose -22 = -3*n + r*y + 24, n = y + 14. Let q = n + 65. What is the units digit of q?
5
Let h = -6475 + 13132. What is the hundreds digit of h?
6
Suppose z = -2*t - 52, 0 = -4*t - 4*z + 33 - 129. What is the tens digit of ((-217)/(-28))/((-1)/t)?
1
Let l be (3405/(-75))/((-2)/10). Let r = -134 + l. Suppose 62 = 2*n - 4*m, 6*m - m = -3*n + r. What is the tens digit of n?
3
Suppose y - 90 = -5*o + 114, 2*o + 4*y - 96 = 0. Suppose -42*j = -o*j - 360. What is the tens digit of j?
8
Let v be (2 - 1) + 12 + 46. Suppose -10*g + 2681 = -v. What is the tens digit of g?
7
Suppose 4*z - 2*q - 2*q + 1376 = 0, -2*q - 353 = z. What is the units digit of z/(-2) - 81/54?
2
Let i = -427 - -446. Suppose -4*q - q = 3*s - 46, -3*s = -q - 70. Suppose -23*m + s*m + i = 0. What is the tens digit of m?
1
What is the hundreds digit of 33906/(22 - 1280/60)?
8
Let n(h) = 12*h**2 + 18*h + 3. Suppose 7*b + 371 - 413 = 0. What is the units digit of n(b)?
3
Suppose -78*k + 73*k = -155. What is the units digit of k?
1
Let p(s) be the third derivative of s**4/12 + 7*s**3/6 - 5*s**2. Let n = 24 + -21. What is the units digit of p(n)?
3
Let q(y) = y**2 + 27*y + 23. Let d be q(-11). Let u = d - -506. What is the tens digit of u?
5
Suppose 55*v - 7957120 = -54*v - 19*v. What is the tens digit of v?
6
Let h = -58 + 150. Suppose -h*z = -87*z - 10. Let w(t) = 6*t + 7. What is the units digit of w(z)?
9
Let o(p) = 2*p**2 - 10*p - 18. Let j = -58 - -52. Let b be o(j). Suppose -162 = -3*s + 3*l, -2*s = -l - 3*l - b. What is the units digit of s?
1
Let r(y) = -646*y**3 + 3*y**2 + 5*y + 1. Suppose 5*n + 15 = 5*o, -4*n - 7 - 3 = -3*o. What is the tens digit of r(n)?
4
Suppose 1417*g + 15264 = 1421*g. What is the units digit of g?
6
Suppose 30 = 18*y - 13*y. Suppose 0 = h + 2*l - 7, 3*h + 2*l - 7 = y. Suppose h*g - 252 = -0*g. What is the units digit of g?
4
Let r = -128 + 135. Let z be (-6)/(-33) - r/((-77)/11724). Suppose -5*x = 8*x - z. What is the tens digit of x?
8
Suppose 4*k - 3*r = 35136, -4*r - 54512 = -5*k - 10591. What is the thousands digit of k?
8
Suppose -3*l - 38 = -4*j, -l + 4*l - 2*j + 28 = 0. What is the tens digit of l - (-9)/((-36)/(-368))?
8
Let t(g) = -2*g**2 - 41*g + 21. Let l be t(-19). Suppose -4*s = -b + 76, b = -5*s - 20 + l. What is the tens digit of b?
6
What is the ten thousands digit of (-3 + 1)/(-5 + (219292/(-54822) - -9))?
2
Suppose 64334 = 28*f - 14066. Suppose f = -0*m + 14*m. What is the tens digit of m?
0
Let n(u) = 4 - 20*u**3 - 4*u**2 + 2*u + 5*u**2 - 10*u**3 - 3. What is the tens digit of n(-2)?
4
Let k = 11547 - 6686. What is the thousands digit of k?
4
Let n(t) be the third derivative of -t**6/120 - 11*t**5/60 - 23*t**4/12 - 17*t**3/6 + 83*t**2. What is the hundreds digit of n(-9)?
2
Let d be (-54)/(-10) + 4/(-10). Suppose -4*s - 32 = -2*i, 0 = -2*i + 2*s + 17 + d. What is the tens digit of ((-3)/i)/((-1)/150)?
7
Let x be (4/(-6))/(20/(-30)) + 743. Suppose -8*h = -x - 1064. What is the hundreds digit of h?
2
Let s(z) = -196*z**3 - 2*z**2 - 4*z. Let y be s(-2). Let w = -1003 + y. Suppose -i = 4*i - w. What is the hundreds digit of i?
1
Suppose -63618513 - 5441351 = -758*j. What is the ten thousands digit of j?
9
Suppose 0 = -3*c + 4*z + 56, 0*c + c + 5*z - 6 = 0. Let g = c - 14. Suppose g*n - 132 = n. What is the tens digit of n?
3
Let m = 4252 - 1270. What is the units digit of m?
2
Suppose -12*u + 7*u = -2530. Suppose -u + 137 = -3*s. Let v = s - 73. What is the tens digit of v?
5
Suppose 92536 = 40539*u - 40537*u. What is the ten thousands digit of u?
4
Let u = -3103 - -3871. What is the units digit of u?
8
Let c(s) = 2*s + 17 - 4 - 3*s + 2*s. Let y be c(4). Let p = 15 + y. What is the units digit of p?
2
What is the hundreds digit of 2 + 327239/19 + (1 - 42/38)?
2
Let c = 95 - 75. What is the hundreds digit of (-5)/(c/84)*(-125)/15?
1
What is the thousands digit of (-2)/(-16)*-4*83216/(-4)?
0
Suppose -71 - 4 = -5*t. Suppose 0 = -t*r + 8*r + 14. Suppose 2*s + 3*b + 0 - 4 = 0, -3*s - r*b + 6 = 0. What is the units digit of s?
2
Suppose 0*h - 2*h = 4*h. Let y be h/(-2 - (-5 - -1)). Suppose y = 3*b - 6*b + 5*k + 98, 5*b + 3*k = 186. What is the tens digit of b?
3
Suppose -8*i + 5*i = -21, -2*v - 3*i = -120615. What is the ten thousands digit of v?
6
Suppose 3*k + 16659 = 3*a - 4368, 8*a - 56060 = 4*k. What is the tens digit of a?
0
Let s(b) = 2*b - 1. Let a be s(5). Suppose -3*m - 7 = -n, n + a = 3*n - m. Suppose 0 = -n*d + 5*d - 117. What is the units digit of d?
7
Let w(v) be the third derivative of -97*v**4/24 - 41*v**3/6 - 76*v**2. What is the units digit of w(-5)?
4
Let q = 150 - 130. What is the units digit of ((-1784)/q)/(5/(-25))?
6
Let g(o) = -o - 10. Let r be g(0). What is the tens digit of 12/r*(-30)/(-12) - -85?
8
Let t = -108 + 115. Suppose 0 = f + 3*y - t*y + 9, -5*y = f - 18. Suppose -3*w - m = -2*w - 109, f*w = -m + 329. What is the hundreds digit of w?
1
Suppose 0*b = 3*b - 9. Let l(k) = -k**3 + 5*k**2 - 5*k + 4. Let p be l(b). Suppose -4*m + 68 = 5*n - 23, 2*m + p = n. What is the tens digit of n?
1
Suppose 4*j = 2*t + 33782, 0 = 3*j +